{"id":55,"date":"2024-06-25T14:38:21","date_gmt":"2024-06-25T12:38:21","guid":{"rendered":"https:\/\/bip.muzeum-szreniawa.pl\/?page_id=55"},"modified":"2024-07-16T10:58:31","modified_gmt":"2024-07-16T08:58:31","slug":"o-muzeum","status":"publish","type":"page","link":"https:\/\/bip.muzeum-szreniawa.pl\/","title":{"rendered":"O muzeum"},"content":{"rendered":"\t\t<div data-elementor-type=\"wp-page\" data-elementor-id=\"55\" class=\"elementor elementor-55\" data-elementor-post-type=\"page\">\n\t\t\t\t<div class=\"elementor-element elementor-element-12e46ef e-flex e-con-boxed e-con e-parent\" data-id=\"12e46ef\" data-element_type=\"container\">\n\t\t\t\t\t<div class=\"e-con-inner\">\n\t\t\t\t<div class=\"elementor-element elementor-element-7e4f224 elementor-widget elementor-widget-heading\" data-id=\"7e4f224\" data-element_type=\"widget\" data-widget_type=\"heading.default\">\n\t\t\t\t<div class=\"elementor-widget-container\">\n\t\t\t<style>\/*! elementor - v3.23.0 - 05-08-2024 *\/\n.elementor-heading-title{padding:0;margin:0;line-height:1}.elementor-widget-heading .elementor-heading-title[class*=elementor-size-]>a{color:inherit;font-size:inherit;line-height:inherit}.elementor-widget-heading .elementor-heading-title.elementor-size-small{font-size:15px}.elementor-widget-heading .elementor-heading-title.elementor-size-medium{font-size:19px}.elementor-widget-heading .elementor-heading-title.elementor-size-large{font-size:29px}.elementor-widget-heading .elementor-heading-title.elementor-size-xl{font-size:39px}.elementor-widget-heading .elementor-heading-title.elementor-size-xxl{font-size:59px}<\/style><h2 class=\"elementor-heading-title elementor-size-default\">O muzeum<\/h2>\t\t<\/div>\n\t\t\t\t<\/div>\n\t\t\t\t<div class=\"elementor-element elementor-element-b03ff68 elementor-widget elementor-widget-text-editor\" data-id=\"b03ff68\" data-element_type=\"widget\" data-widget_type=\"text-editor.default\">\n\t\t\t\t<div class=\"elementor-widget-container\">\n\t\t\t<style>\/*! elementor - v3.23.0 - 05-08-2024 *\/\n.elementor-widget-text-editor.elementor-drop-cap-view-stacked .elementor-drop-cap{background-color:#69727d;color:#fff}.elementor-widget-text-editor.elementor-drop-cap-view-framed .elementor-drop-cap{color:#69727d;border:3px solid;background-color:transparent}.elementor-widget-text-editor:not(.elementor-drop-cap-view-default) .elementor-drop-cap{margin-top:8px}.elementor-widget-text-editor:not(.elementor-drop-cap-view-default) .elementor-drop-cap-letter{width:1em;height:1em}.elementor-widget-text-editor .elementor-drop-cap{float:left;text-align:center;line-height:1;font-size:50px}.elementor-widget-text-editor .elementor-drop-cap-letter{display:inline-block}<\/style>\t\t\t\t<p>Muzeum Narodowe Rolnictwa i Przemys\u0142u Rolno-Spo\u017cywczego w Szreniawie to plac\u00f3wka si\u0119gaj\u0105ca swoimi korzeniami pierwszego tego typu muzeum na ziemiach polskich funkcjonuj\u0105cego do lat pi\u0119\u0107dziesi\u0105tych XX wieku w Warszawie \u2013 Muzeum Przemys\u0142u i Rolnictwa (1875\u20131951). Przej\u0119\u0142o cz\u0119\u015b\u0107 jego zbior\u00f3w i w swojej misji nawi\u0105zuje do jego idei. Oficjalnie powsta\u0142o 29 sierpnia 1964 roku na terenie dawnego, XIX-wiecznego maj\u0105tku ziemskiego. Status muzeum narodowego uzyska\u0142o w 1975 roku. Pocz\u0105tkowo funkcjonowa\u0142o w pa\u0142acu, nast\u0119pnie przej\u0119\u0142o powierzchni\u0119 5,6 ha parku podworskiego na potrzeby budowy pawilon\u00f3w i wiat ekspozycyjnych pod przysz\u0142e wystawy. Dzisiaj pawilon\u00f3w jest a\u017c 13. W latach 1964\u20131998 plac\u00f3wka podlega\u0142a Ministerstwu Rolnictwa, a od 1999 r. Sejmikowi Samorz\u0105dowemu Wojew\u00f3dztwa Wielkopolskiego. W 2005 r. podpisano porozumienie o wsp\u00f3\u0142finansowaniu Muzeum przez Ministerstwo Rolnictwa i Rozwoju Wsi. Wa\u017cnym wydarzeniem w dziejach plac\u00f3wki by\u0142o pozyskanie w 1999 roku terenu folwarku wraz z zabytkowymi budynkami (rz\u0105dc\u00f3wka, spichlerz ze stodo\u0142ami, obory, gorzelnia), co umo\u017cliwi\u0142o dalszy rozw\u00f3j Muzeum w kierunku odtworzenia pierwotnego za\u0142o\u017cenia pa\u0142acowo-folwarcznego maj\u0105tku. Pozyskano w\u00f3wczas tak\u017ce tereny pola pod r\u00f3\u017cnego typu uprawy, co pozwoli\u0142o zapocz\u0105tkowa\u0107 ch\u00f3w zachowawczych ras zwierz\u0105t gospodarskich. Obecnie Muzeum \u0142\u0105cznie z 5 oddzia\u0142ami terenowymi powsta\u0142ymi w latach 1981 \u2013 2005: Muzeum M\u0142ynarstwa i Wodnych Urz\u0105dze\u0144 Przemys\u0142u Wiejskiego w Jaraczu, Muzeum Przyrodniczo-\u0141owieckim w Uzarzewie, Muzeum Wikliniarstwa i Chmielarstwa w Nowym Tomy\u015blu, Skansenem i Muzeum Pszczelarstwa im. prof. Ryszarda Kosteckiego w Swarz\u0119dzu oraz Muzeum Gospodarki Mi\u0119snej w Sielinku jako Samorz\u0105dowa Instytucja Kultury wsp\u00f3\u0142finansowana przez Ministerstwo Rolnictwa i Rozwoju Wsi zajmuje powierzchni\u0119 36,6 ha z czego ponad 24 ha w samej Szreniawie.<\/p>\t\t\t\t\t\t<\/div>\n\t\t\t\t<\/div>\n\t\t\t\t\t<\/div>\n\t\t\t\t<\/div>\n\t\t\t\t<\/div>\n\t\t","protected":false},"excerpt":{"rendered":"<p>Muzeum Narodowe Rolnictwa i Przemys\u0142u Rolno-Spo\u017cywczego w Szreniawie to plac\u00f3wka si\u0119gaj\u0105ca swoimi korzeniami pierwszego tego typu muzeum na ziemiach polskich funkcjonuj\u0105cego do lat pi\u0119\u0107dziesi\u0105tych XX wieku w Warszawie \u2013 Muzeum Przemys\u0142u i Rolnictwa (1875\u20131951). Przej\u0119\u0142o cz\u0119\u015b\u0107 jego zbior\u00f3w i w swojej misji nawi\u0105zuje do jego idei. Oficjalnie powsta\u0142o 29 sierpnia 1964 roku na terenie dawnego, [&hellip;]<\/p>\n","protected":false},"author":1,"featured_media":0,"parent":0,"menu_order":0,"comment_status":"closed","ping_status":"closed","template":"","meta":{"footnotes":""},"class_list":["post-55","page","type-page","status-publish","hentry"],"_links":{"self":[{"href":"https:\/\/bip.muzeum-szreniawa.pl\/index.php\/wp-json\/wp\/v2\/pages\/55","targetHints":{"allow":["GET"]}}],"collection":[{"href":"https:\/\/bip.muzeum-szreniawa.pl\/index.php\/wp-json\/wp\/v2\/pages"}],"about":[{"href":"https:\/\/bip.muzeum-szreniawa.pl\/index.php\/wp-json\/wp\/v2\/types\/page"}],"author":[{"embeddable":true,"href":"https:\/\/bip.muzeum-szreniawa.pl\/index.php\/wp-json\/wp\/v2\/users\/1"}],"replies":[{"embeddable":true,"href":"https:\/\/bip.muzeum-szreniawa.pl\/index.php\/wp-json\/wp\/v2\/comments?post=55"}],"version-history":[{"count":90,"href":"https:\/\/bip.muzeum-szreniawa.pl\/index.php\/wp-json\/wp\/v2\/pages\/55\/revisions"}],"predecessor-version":[{"id":327,"href":"https:\/\/bip.muzeum-szreniawa.pl\/index.php\/wp-json\/wp\/v2\/pages\/55\/revisions\/327"}],"wp:attachment":[{"href":"https:\/\/bip.muzeum-szreniawa.pl\/index.php\/wp-json\/wp\/v2\/media?parent=55"}],"curies":[{"name":"wp","href":"https:\/\/api.w.org\/{rel}","templated":true}]}}

<div data-elementor-type="wp-page" data-elementor-id="55" class="elementor elementor-55" data-elementor-post-type="page">
				<div class="elementor-element elementor-element-12e46ef e-flex e-con-boxed e-con e-parent" data-id="12e46ef" data-element_type="container">
					<div class="e-con-inner">
				<div class="elementor-element elementor-element-7e4f224 elementor-widget elementor-widget-heading" data-id="7e4f224" data-element_type="widget" data-widget_type="heading.default">
				<div class="elementor-widget-container">
			<style>/*! elementor - v3.23.0 - 05-08-2024 */
.elementor-heading-title{padding:0;margin:0;line-height:1}.elementor-widget-heading .elementor-heading-title[class*=elementor-size-]>a{color:inherit;font-size:inherit;line-height:inherit}.elementor-widget-heading .elementor-heading-title.elementor-size-small{font-size:15px}.elementor-widget-heading .elementor-heading-title.elementor-size-medium{font-size:19px}.elementor-widget-heading .elementor-heading-title.elementor-size-large{font-size:29px}.elementor-widget-heading .elementor-heading-title.elementor-size-xl{font-size:39px}.elementor-widget-heading .elementor-heading-title.elementor-size-xxl{font-size:59px}</style><h2 class="elementor-heading-title elementor-size-default">O muzeum</h2>		</div>
				</div>
				<div class="elementor-element elementor-element-b03ff68 elementor-widget elementor-widget-text-editor" data-id="b03ff68" data-element_type="widget" data-widget_type="text-editor.default">
				<div class="elementor-widget-container">
			<style>/*! elementor - v3.23.0 - 05-08-2024 */
.elementor-widget-text-editor.elementor-drop-cap-view-stacked .elementor-drop-cap{background-color:#69727d;color:#fff}.elementor-widget-text-editor.elementor-drop-cap-view-framed .elementor-drop-cap{color:#69727d;border:3px solid;background-color:transparent}.elementor-widget-text-editor:not(.elementor-drop-cap-view-default) .elementor-drop-cap{margin-top:8px}.elementor-widget-text-editor:not(.elementor-drop-cap-view-default) .elementor-drop-cap-letter{width:1em;height:1em}.elementor-widget-text-editor .elementor-drop-cap{float:left;text-align:center;line-height:1;font-size:50px}.elementor-widget-text-editor .elementor-drop-cap-letter{display:inline-block}</style>				<p>Muzeum Narodowe Rolnictwa i Przemysłu Rolno-Spożywczego w Szreniawie to placówka sięgająca swoimi korzeniami pierwszego tego typu muzeum na ziemiach polskich funkcjonującego do lat pięćdziesiątych XX wieku w Warszawie – Muzeum Przemysłu i Rolnictwa (1875–1951). Przejęło część jego zbiorów i w swojej misji nawiązuje do jego idei. Oficjalnie powstało 29 sierpnia 1964 roku na terenie dawnego, XIX-wiecznego majątku ziemskiego. Status muzeum narodowego uzyskało w 1975 roku. Początkowo funkcjonowało w pałacu, następnie przejęło powierzchnię 5,6 ha parku podworskiego na potrzeby budowy pawilonów i wiat ekspozycyjnych pod przyszłe wystawy. Dzisiaj pawilonów jest aż 13. W latach 1964–1998 placówka podlegała Ministerstwu Rolnictwa, a od 1999 r. Sejmikowi Samorządowemu Województwa Wielkopolskiego. W 2005 r. podpisano porozumienie o współfinansowaniu Muzeum przez Ministerstwo Rolnictwa i Rozwoju Wsi. Ważnym wydarzeniem w dziejach placówki było pozyskanie w 1999 roku terenu folwarku wraz z zabytkowymi budynkami (rządcówka, spichlerz ze stodołami, obory, gorzelnia), co umożliwiło dalszy rozwój Muzeum w kierunku odtworzenia pierwotnego założenia pałacowo-folwarcznego majątku. Pozyskano wówczas także tereny pola pod różnego typu uprawy, co pozwoliło zapoczątkować chów zachowawczych ras zwierząt gospodarskich. Obecnie Muzeum łącznie z 5 oddziałami terenowymi powstałymi w latach 1981 – 2005: Muzeum Młynarstwa i Wodnych Urządzeń Przemysłu Wiejskiego w Jaraczu, Muzeum Przyrodniczo-Łowieckim w Uzarzewie, Muzeum Wikliniarstwa i Chmielarstwa w Nowym Tomyślu, Skansenem i Muzeum Pszczelarstwa im. prof. Ryszarda Kosteckiego w Swarzędzu oraz Muzeum Gospodarki Mięsnej w Sielinku jako Samorządowa Instytucja Kultury współfinansowana przez Ministerstwo Rolnictwa i Rozwoju Wsi zajmuje powierzchnię 36,6 ha z czego ponad 24 ha w samej Szreniawie.</p>						</div>
				</div>
					</div>
				</div>
				</div>

<p>Muzeum Narodowe Rolnictwa i Przemysłu Rolno-Spożywczego w Szreniawie to placówka sięgająca swoimi korzeniami pierwszego tego typu muzeum na ziemiach polskich funkcjonującego do lat pięćdziesiątych XX wieku w Warszawie – Muzeum Przemysłu i Rolnictwa (1875–1951). Przejęło część jego zbiorów i w swojej misji nawiązuje do jego idei. Oficjalnie powstało 29 sierpnia 1964 roku na terenie dawnego, [&hellip;]</p>
